{"id":358,"date":"2015-10-29T19:51:54","date_gmt":"2015-10-29T19:51:54","guid":{"rendered":"http:\/\/iribarren.esy.es\/?page_id=358"},"modified":"2023-03-21T12:49:28","modified_gmt":"2023-03-21T12:49:28","slug":"trayectoria-profesional-clone","status":"publish","type":"page","link":"https:\/\/www.javiermuroescultura.com\/index.php\/trayectoria-profesional-clone\/","title":{"rendered":"BIO"},"content":{"rendered":"\n<p>Javier Muro. Naci\u00f3 en Pamplona (Navarra) en 1968. Su evoluci\u00f3n dentro del mundo de la escultura ha sido constante, desarrollando una trayectoria profesional consolidada. En 1989, con apenas veinte a\u00f1os, obtuvo el Primer Premio de Escultura \u00abPamplona, j\u00f3venes artistas\u00bb y en 1991 una beca de ayuda a la creaci\u00f3n en Artes Pl\u00e1sticas otorgada por la Instituci\u00f3n Pr\u00edncipe de Viana del Gobierno de Navarra.<\/p>\n\n\n\n<p>La d\u00e9cada de los a\u00f1os noventa supone para \u00e9l m\u00faltiples premios, adem\u00e1s de participaciones en importantes cert\u00e1menes, entre los que cabe citar el Concurso Nacional de Escultura de Burgos de 1993, la XI Bienal internacional del deporte en la Bellas Artes de Madrid 1995, el Premio de Escultura del \u00abConcurso Bilaketa\u00bb de Aoiz en 1997, etc. Premios de mayor consideraci\u00f3n son el Segundo Premio del XXIII Certamen Nacional de Escultura \u00abCaja Madrid\u00bb y Primer Premio en el Concurso Nacional \u2018II Premio Navarra de Escultura\u2019 en 1999; Primer Premio trofeo del Certamen \u2018Castell Ruiz\u2019 de Tudela; y el Primer Premio Nacional de Escultura \u00abCaja Espa\u00f1a\u00bb del a\u00f1o 2003. Posteriormente, ha obtenido los premios: Menci\u00f3n de Honor en el II Concurso Escultura M\u00faltiple de Alfa Arte (2004), Primer premio en el III Concurso de escultura Galard\u00f3n de Juventud de Navarra (2005), Primer Premio en el 33 Concurso Julio Antonio de Escultura, Bienal D\u2019art de Tarragona (2006), Primer Premio de escultura trofeo para el Festival Internacional de Cine Documental \u2018Punto de Vista\u2019 del Gobierno de Navarra (2007), Obtuvo la Beca de Ayudas a la Creaci\u00f3n en Artes Pl\u00e1sticas y Fotograf\u00eda del Gobierno de Navarra (2009) y el Primer Premio de escultura \u2018Soraluce, 50 Aniversario, para construcci\u00f3n y colocaci\u00f3n de Escultura monumental en Soraluce (Guip\u00fazcoa) en 2011.<\/p>\n\n\n\n<p>Ha realizado numerosas exposiciones por el territorio nacional tanto en museos y salas institucionales como en galer\u00edas de arte privadas. Caben destacar las exposiciones del Museo de Navarra en el a\u00f1o 2000, en el Museo de Arte Moderno de Tarragona en 2009, y en el Centro de Arte Contempor\u00e1neo Huarte en 2010, adem\u00e1s del Museo Gustavo de Maeztu en Estella (1995), Palacio de Olite (2009) y en las salas de exposiciones de la Ciudadela (1990, 1995, 1999). Pero su obra ha recorrido numerosos centros de arte nacionales como el Museo de San Telmo, el MEIAC, el Kursaal, Sala de la Comunidad de Madrid, Universidad de Granada, Instituto Leon\u00e9s de Cultura, el MACUF, Museo Patio Herreriano, etc. Y ha cruzado fronteras, participando en las ferias Miami Art Fair y Miami Art Now en 2007 y 2008.<\/p>\n\n\n\n<p>Javier Muro ha trabajado y expuesto en varias galer\u00edas como Altxerri y Vetusart (actual Cibirian) en San Sebasti\u00e1n; Luis Burgos, Seiquer, Astart\u00e9, Tribeca y La Nave del Arte en Madrid; Mois\u00e9s P\u00e9rez de Alb\u00e9niz (Pamplona y Madrid), con quien acudi\u00f3 a las ferias de Arte ARCO MADRID Y DFOTO SAN SEBASTIAN; Talka en Vitoria; Mainel en Burgos; Apaindu, Mikel Armendia, Pintzel y Tinta china en Pamplona.<\/p>\n\n\n\n<p>Su obra forma parte de colecciones institucionales como Museo de Navarra, Museo de Arte Moderno de Tarragona, Colecci\u00f3n de Arte Contempor\u00e1neo de Pamplona, Fundaciones Caja Madrid y Caja Espa\u00f1a, Gobierno de Navarra o Residencia oficial de los Pr\u00edncipes de Espa\u00f1a; y en instituciones privadas como McDonalds.<\/p>\n\n\n\n<p>Adem\u00e1s de toda esta trayectoria su nombre salt\u00f3 a los medios de comunicaci\u00f3n por ser el autor de la escultura, representando a San Ferm\u00edn, que el Ayuntamiento de Pamplona regal\u00f3 a Don Felipe de Borb\u00f3n y Do\u00f1a Leticia Ortiz, con ocasi\u00f3n del matrimonio de ambos. Asimismo, es autor de la pieza que el Gobierno de Navarra ofreci\u00f3 al pr\u00edncipe en su visita a Navarra como regalo institucional.<\/p>\n\n\n\n<p>La escultura de Javier Muro tiene un claro inter\u00e9s por el dise\u00f1o y por las reflexiones conceptuales y po\u00e9ticas. Es un artista que sabe moverse entre la figuraci\u00f3n y la abstracci\u00f3n, utilizando en su est\u00e9tica objetos cotidianos, logrando obras muy en l\u00ednea con el arte actual, esculturas interrogativas, conceptuales, con carga metaf\u00f3rica y simb\u00f3lica.  La Escultura P\u00fablica que tiene instalada en Navarra se puede contemplar en Pamplona en la UPNA y la Residencia Fuerte Pr\u00edncipe, y en el Se\u00f1or\u00edo de B\u00e9rtiz. Pero adem\u00e1s tiene otras obras p\u00fablicas en Burgos (Frente al Museo de la Evoluci\u00f3n Humana), en Chile o Corea del Sur.<\/p>\n\n\n\n<hr class=\"wp-block-separator has-text-color has-cyan-bluish-gray-color has-css-opacity has-cyan-bluish-gray-background-color has-background is-style-wide\"\/>\n\n\n\n<p>PREMIOS Y BECAS<br>2014 Primer Premio Concurso Memorial V\u00edctimas del Terrorismo en Navarra.<br>2012 Premio adquisici\u00f3n. 73 exposici\u00f3n Internacional de Artes Pl\u00e1sticas de Valdepe\u00f1as.<br>2011 Primer Premio de Escultura \u201cSoraluce, 50 Aniversario\u201d. realizaci\u00f3n de escultura monumental, factor\u00eda Soraluce, Guip\u00fazcoa.<br>2009 Premio-Beca. Ayudas a la Creaci\u00f3n en Artes Pl\u00e1sticas y Fotograf\u00eda, Gobierno de Navarra<br>2007 Primer Premio trofeo para el Festival Internacional de Cine Documental \u201cPunto de Vista\u201d,<br>Gobierno de Navarra.<br>2006 Primer Premio \u201c33 Premio Julio Antonio de Escultura, Bienal D\u2019art 2006, Tarragona\u201d.<br>2005 Primer Premio \u201cIII Concurso de Escultura Galard\u00f3n de Juventud de Navarra\u201d.<br>2004 Primera Menci\u00f3n de Honor \u201cII Concurso Escultura M\u00faltiple 2004, Alfa Arte, Guipuzkoa<br>2003 Primer Premio. Concurso Internacional de Escultura \u201cCaja Espa\u00f1a\u201d.<br>2002 Diploma Escultura \u201cGeneraci\u00f3n 2003\u201d, Caja Madrid.<br>2001 \u201c2001 Spanish Sculptor Symposium\u201d, Provincia de Kyonggi, Corea del Sur. Diploma<br>escultura \u201cGeneraci\u00f3n 2002\u201d, Caja Madrid.<br>2000 Primer Premio trofeo Certamen \u201cCastell Ruiz\u201d, Tudela, Navarra.<br>1999 Primer Premio, Concurso Nacional \u201cII Premio Navarra de Escultura\u201d.<br>Segundo Premio XXIII Certamen Nacional de Escultura \u201cCaja Madrid\u201d.<br>1991 Beca \u201cAyudas a la Creaci\u00f3n\u201d. Gobierno de Navarra.<br>1989 Primer Premio Escultura \u201cPamplona J\u00f3venes Artistas\u201d.<\/p>\n\n\n\n<p>EXPOSICIONES INDIVIDUALES<\/p>\n\n\n\n<p>2023 Capilla del Museo de Navarra.                                                                                                              2022 Capilla Museo De Navarra. <br>2021 Galer\u00eda Luis Burgos, Madrid.<br>2020 \u201cA veces\u201d, Galer\u00eda Altxerri, San Sebasti\u00e1n.<br>2019 Galer\u00eda Talka. Vitoria-Gazteiz.<br>2018 Galer\u00eda Vetusart, San Sebasti\u00e1n.<br>\u201c50 Miradas\u201d Basque Culinary Center, San Sebasti\u00e1n.<br>2017 Espacio Apaindu, Pamplona.<br>Espacio \u201cTinta China\u201d, Pamplona.<br>2016 Sala de Mixtos, Ciudadela de Pamplona.<br>2011 Galer\u00eda Mainel, Burgos.<br>2010 Exposici\u00f3n \u201cNos mudamos\u201d. Centro de Arte Contempor\u00e1neo de Huarte, Navarra.<br>2009 Exposici\u00f3n Programa \u201cCultur\u201d, Palacio de Olite, Gobierno de Navarra.<br>2009 Museo Arte Moderno de Tarragona.<br>2007 Galer\u00eda Tribeca, Madrid.<br>2006 Galer\u00eda Mikel Armendia, Pamplona.<br>2003 Sala de Cultura Noain, Navarra.<br>2000 Museo de Navarra.<br>Galer\u00eda La Nave del Arte, San Sebasti\u00e1n de los Reyes, Madrid.<br>1999 Sala de Mixtos, Ciudadela, Pamplona.<br>1997 Galer\u00eda Pintzel, Pamplona.<br>1996 Galer\u00eda Seiquer, Madrid.<br>Galer\u00eda La cava, Pamplona.<br>1995 Museo Gustavo de Maeztu, Estella, Navarra.<br>Horno de la Ciudadela, Pamplona.<br>1993 Sala de Cultura, Cizur Mayor, Navarra.<br>1992 Sala de Cultura, Peralta, Navarra.<br>Sala de Cultura Caja de Ahorros de Navarra, Pamplona.<br>1990 Sala de Armas, Ciudadela, Ayuntamiento de Pamplona.<\/p>\n\n\n\n<p>EXPOSICIONES COLECTIVAS<\/p>\n\n\n\n<p>2019 Julio Antonio &#8211; Stendhal, Museo Arte Moderno Tarragona.<br>2018 Exposici\u00f3n \u201cLuces en la Memoria\u201d Koldo Mitxelena, San Sebasti\u00e1n.<br>2017 Arte 948 Merkatua, Pamplona, Navarra.<br>2013 Concurso Internacional de Escultura P\u00fablica, Parque Levante, Murcia.<br>2011 XXXVII Premio Bancaja de Escultura, IVAM, Valencia.<br>Exposici\u00f3n \u201cL\u00e1grima de plomo\u201d, Mixtos Ciudadela, Pamplona.<br>Figuraciones\u201d Museo de Navarra.<br>2010 Galer\u00eda M\u00faltiple, Still-Life, Madrid.<br>XII Bienal Internacional de Artes Pl\u00e1sticas \u201cCiudad de Pamplona\u201d.<br>11 Mostra Internacional Gas Natural Fenosa.<br>LXXI Exposici\u00f3n Internacional de Artes Pl\u00e1sticas de Valdepe\u00f1as, (adquisici\u00f3n).<br>\u201cObras para un edificio\u201d, Palacio del Condestable, Pamplona.<br>2009 Estrategias Fotogr\u00e1ficas en el Arte \u201cContemporany 09\u201d, Pamplona.<br>2008 Premio de Escultura COAAT, La Rioja.<br>Oteiza, memoria y apropiaciones, Ciudadela de Pamplona.<br>XI Bienal de Artes Pl\u00e1sticas \u201cCiudad de Pamplona\u201d.<br>Miami Art Now Fair 2008.<br>Shangai Art Fair 2008.<br>Art Madrid 2008, Galer\u00eda Mikel Armendia.<br>2007 \u201cShanghai Art Fair 2007\u201d, Galer\u00eda Tribeca.<br>\u201cMiami Art Now 2007\u201d, Galer\u00eda Tribeca.<br>Premio Caja Espa\u00f1a de Escultura.<br>Bienal Internacional de Escultura de Valladolid, Museo Patio Herreriano.<br>\u201cArt Madrid 2007\u201d, Galer\u00eda Mikel Armendia.<br>Premio Ciudad de Palma \u201cAntoni Gelabert\u201d de Artes Pl\u00e1sticas 2006.<br>2006 IX Mostra Internacional Uni\u00f3n Fenosa, MACUF, La Coru\u00f1a.<br>LXVII Exposici\u00f3n Internacional de Artes Pl\u00e1sticas de Valdepe\u00f1as.<br>I Premio Internacional de Escultura Caja de Extremadura.<br>2005 LXVI Exposici\u00f3n Nacional de Artes Pl\u00e1sticas de Valdepe\u00f1as.<br>2004 ARCO 2004, Galer\u00eda Mois\u00e9s P\u00e9rez de Alb\u00e9niz.<br>\u201cDFOTO\u201d, Kursaal San Sebasti\u00e1n, Galer\u00eda Mois\u00e9s P\u00e9rez de Alb\u00e9niz.<br>2003 \u201cItinerarios escult\u00f3ricos por \u00c1lava\u201d.<br>2002 Certamen Unicaja de Artes Pl\u00e1sticas, M\u00e1laga.<br>Itinerarios escult\u00f3ricos por \u00c1lava.<br>LXIII Exposici\u00f3n Nacional de Artes Pl\u00e1sticas, Valdepe\u00f1as.<br>\u201cBienal D\u2019Art de Tarragona\u201d.<br>2001 Exposici\u00f3n de arte contempor\u00e1neo \u201cViatge i Difer\u00e8ncia\u201d, Olot, Girona.<br>Presentaci\u00f3n del CNAC \u201cCentro Navarro de Arte Contempor\u00e1neo\u201d.<br>VIII Bienal de Artes Pl\u00e1sticas Ciudad de Pamplona.<br>Premio \u201cCaja Espa\u00f1a\u201d de escultura.<br>LXII Exposici\u00f3n Nacional de Artes Pl\u00e1sticas de Valdepe\u00f1as.<br>2000 \u201c20 de Mil, de relaciones y roces\u201d Sala de la Comunidad de Madrid.<br>Crucero del Hospital Real, Universidad de Granada.<br>Sala Provincia, Instituto Leon\u00e9s de Cultura.<br>MEIAC, Junta de Extremadura.<br>LXI Exposici\u00f3n Nacional de Artes Pl\u00e1sticas de Valdepe\u00f1as.<br>1999 \u201cM\u00edrame con tus manos\u201d. Ciudadela de Pamplona, Museo San Telmo, San Sebasti\u00e1n.<br>XIII Bienal Internacional del Deporte en las Bellas Artes, Madrid.<br>Bienal de Escultura de Estella, Navarra.<br>1998 \u201cArco antes de Arco\u201d, galer\u00eda Seiquer, Madrid.<br>1997 \u201c30 a\u00f1os de la galer\u00eda Seiquer\u201d Itinerante por la Comunidad de Madrid.<br>Certamen \u201cBilaketa\u201d de escultura, Aoiz, Navarra.<br>Premio \u201cCaja Espa\u00f1a\u201d de escultura.<br>1996 \u201cFormas\u201d, esculturas al aire libre, Pamplona.<br>1995 \u201c10 A\u00f1os de J\u00f3venes Artistas\u201d. Ciudadela de Pamplona.<br>\u201cPintar los Sanfermines\u201d. Ayuntamiento de Pamplona.<br>XI Bienal Internacional del deporte en las Bellas Artes, Madrid.<br>1994 \u201cCreadores de Belleza\u201d. Planetario de Pamplona.<br>\u201cArte Navarro Actual\u201d, Planetario de Pamplona.<br>1993 Concurso Nacional de Escultura de Burgos.<br>1991 \u201cEl Deporte en las Artes Pl\u00e1sticas\u201d, Pamplona.<br>Premio \u201cCaja Espa\u00f1a\u201d de escultura.<br>1990 Concurso Nacional de Escultura \u201cCiudad de Arganda\u201d, Madrid.<\/p>\n\n\n\n<p>OBRA P\u00daBLICA<br>-Memorial V\u00edctimas del Terrorismo en Navarra. Parlamento de Navarra.<br>-Escultura p\u00fablica, empresa Irizar Zum\u00e1rraga, Gipuzkoa.<br>-Escultura \u201cReto al futuro\u201d, Guip\u00fazcoa. 2012. Empresa Soraluce. Bergara<br>-\u201cHallazgo\u201d, exterior del Museo de la Evoluci\u00f3n Humana, Burgos, 2010.<br>-\u201cCaminando hacia el futuro\u201d Residencia Deportiva \u201cFuerte del Pr\u00edncipe\u201d, Pamplona.<br>-Escultura al aire libre en Kwangju, provincia de Kyonggi, Corea del Sur. 2001.<br>-Monumento conmemorativo a Don Rufino Melero L\u00f3pez de Goicoechea, Santiago de Chile. 2000.<br>-Museo Navarro de Escultura al Aire Libre, Se\u00f1or\u00edo de B\u00e9rtiz, Navarra. 1998.<br>-\u201cFuga\u201d, Campus de la Universidad P\u00fablica de Navarra. 1997.<\/p>\n\n\n\n<p>OBRA EN<br>Museo de Navarra.<br>Museo de Arte Moderno, Tarragona.<br>Colecci\u00f3n Arte Contempor\u00e1neo Ayuntamiento de Pamplona<br>Colecci\u00f3n Caja Madrid.<br>Colecci\u00f3n Caja Espa\u00f1a.<br>Colecci\u00f3n Palacio de la Zarzuela, Madrid.<br>Departamento de Juventud, Gobierno de Navarra.<br>McDonald\u2019s, Madrid, Pamplona, San Sebasti\u00e1n, Aldaia (Valencia), Vitoria.<\/p>\n","protected":false},"excerpt":{"rendered":"<p>Javier Muro. Naci\u00f3 en Pamplona (Navarra) en 1968. Su evoluci\u00f3n dentro del mundo de la escultura ha sido constante, desarrollando una trayectoria profesional consolidada. En 1989, con apenas veinte a\u00f1os, obtuvo el Primer Premio de Escultura \u00abPamplona, j\u00f3venes artistas\u00bb y en 1991 una beca de ayuda a la creaci\u00f3n en Artes Pl\u00e1sticas otorgada por la &hellip; <\/p>\n<p class=\"link-more\"><a href=\"https:\/\/www.javiermuroescultura.com\/index.php\/trayectoria-profesional-clone\/\" class=\"more-link\">Continuar leyendo<span class=\"screen-reader-text\"> &#8220;BIO&#8221;<\/span><\/a><\/p>\n","protected":false},"author":1,"featured_media":0,"parent":0,"menu_order":0,"comment_status":"closed","ping_status":"closed","template":"","meta":{"_uag_custom_page_level_css":"","footnotes":""},"class_list":["post-358","page","type-page","status-publish","hentry"],"featured_image_src":null,"uagb_featured_image_src":{"full":false,"thumbnail":false,"medium":false,"medium_large":false,"large":false,"1536x1536":false,"2048x2048":false,"twentyseventeen-featured-image":false,"twentyseventeen-thumbnail-avatar":false},"uagb_author_info":{"display_name":"beatriz","author_link":"https:\/\/www.javiermuroescultura.com\/index.php\/author\/beatriz\/"},"uagb_comment_info":0,"uagb_excerpt":"Javier Muro. Naci\u00f3 en Pamplona (Navarra) en 1968. Su evoluci\u00f3n dentro del mundo de la escultura ha sido constante, desarrollando una trayectoria profesional consolidada. En 1989, con apenas veinte a\u00f1os, obtuvo el Primer Premio de Escultura \u00abPamplona, j\u00f3venes artistas\u00bb y en 1991 una beca de ayuda a la creaci\u00f3n en Artes Pl\u00e1sticas otorgada por la&hellip;","_links":{"self":[{"href":"https:\/\/www.javiermuroescultura.com\/index.php\/wp-json\/wp\/v2\/pages\/358","targetHints":{"allow":["GET"]}}],"collection":[{"href":"https:\/\/www.javiermuroescultura.com\/index.php\/wp-json\/wp\/v2\/pages"}],"about":[{"href":"https:\/\/www.javiermuroescultura.com\/index.php\/wp-json\/wp\/v2\/types\/page"}],"author":[{"embeddable":true,"href":"https:\/\/www.javiermuroescultura.com\/index.php\/wp-json\/wp\/v2\/users\/1"}],"replies":[{"embeddable":true,"href":"https:\/\/www.javiermuroescultura.com\/index.php\/wp-json\/wp\/v2\/comments?post=358"}],"version-history":[{"count":20,"href":"https:\/\/www.javiermuroescultura.com\/index.php\/wp-json\/wp\/v2\/pages\/358\/revisions"}],"predecessor-version":[{"id":1502,"href":"https:\/\/www.javiermuroescultura.com\/index.php\/wp-json\/wp\/v2\/pages\/358\/revisions\/1502"}],"wp:attachment":[{"href":"https:\/\/www.javiermuroescultura.com\/index.php\/wp-json\/wp\/v2\/media?parent=358"}],"curies":[{"name":"wp","href":"https:\/\/api.w.org\/{rel}","templated":true}]}}