{"id":122,"date":"2014-08-11T10:04:43","date_gmt":"2014-08-11T10:04:43","guid":{"rendered":"http:\/\/www.gt3themes.com\/wordpress-themes\/pure\/?page_id=122"},"modified":"2022-12-11T18:55:55","modified_gmt":"2022-12-11T18:55:55","slug":"portfolio-grid","status":"publish","type":"page","link":"https:\/\/www.javiermuroescultura.com\/index.php\/portfolio-grid\/","title":{"rendered":"EXPOSICIONES"},"content":{"rendered":"\n<p><a rel=\"noreferrer noopener\" href=\"https:\/\/www.javiermuroescultura.com\/index.php\/2022\/09\/25\/los-dias-capilla-del-museo-de-navarra\/\" target=\"_blank\">2022-2023 Sala Capilla Museo de Navarra. <a rel=\"noreferrer noopener\" href=\"https:\/\/www.javiermuroescultura.com\/index.php\/2022\/09\/25\/los-dias-capilla-del-museo-de-navarra\/\" target=\"_blank\">&#8220;Los d\u00edas&#8221;<\/a>. (18 mayo &#8211; 13 marzo)<\/a><\/p>\n\n\n\n<p><a href=\"https:\/\/www.javiermuroescultura.com\/index.php\/2022\/12\/11\/despues-de-los-encuentros-ciudadela\/\" target=\"_blank\" rel=\"noreferrer noopener\">2022-2023 Sala de Armas de Ciudadela. Colectiva &#8220;Despu\u00e9s de los Encuentros&#8221;. (30 septiembre &#8211; 8 enero)<\/a><\/p>\n\n\n\n<p><strong>2016 &#8211; 2022<\/strong> <\/p>\n\n\n\n<p><a href=\"https:\/\/www.javiermuroescultura.com\/index.php\/2022\/02\/22\/galeria-luis-burgos\/\" target=\"_blank\" rel=\"noreferrer noopener\">2021 Galer\u00eda Luis Burgos, Madrid.<\/a><br><a href=\"https:\/\/www.javiermuroescultura.com\/index.php\/2022\/02\/22\/galeria-altxerri\/\" target=\"_blank\" rel=\"noreferrer noopener\">2020 \u201cA veces\u201d, Galer\u00eda Altxerri, San Sebasti\u00e1n.<\/a><br><a href=\"https:\/\/www.javiermuroescultura.com\/index.php\/2022\/02\/22\/galeria-talka\/\" target=\"_blank\" rel=\"noreferrer noopener\">2019 Galer\u00eda Talka. Vitoria-Gazteiz.<\/a><br><a href=\"https:\/\/www.javiermuroescultura.com\/index.php\/2022\/02\/22\/galeria-vetusart\/\" target=\"_blank\" rel=\"noreferrer noopener\">2018 Galer\u00eda Vetusart, San Sebasti\u00e1n.<\/a><br><a href=\"https:\/\/www.javiermuroescultura.com\/index.php\/2022\/02\/22\/basque-culinary-center\/\" target=\"_blank\" rel=\"noreferrer noopener\">2018  \u201c50 Miradas\u201d Basque Culinary Center, San Sebasti\u00e1n.<\/a><br><a href=\"https:\/\/www.javiermuroescultura.com\/index.php\/2022\/02\/22\/galeria-apaindu\/\" target=\"_blank\" rel=\"noreferrer noopener\">2017 Espacio Apaindu, Pamplona.<\/a><br>2017   Espacio \u201cTinta China\u201d, Pamplona.<br><a href=\"https:\/\/www.javiermuroescultura.com\/index.php\/2022\/02\/22\/pabellon-de-mixtos-de-ciudadela\/\" target=\"_blank\" rel=\"noreferrer noopener\">2016 Sala de Mixtos, Ciudadela de Pamplona.<\/a><\/p>\n\n\n\n<p><strong>2006 &#8211; 2015<\/strong><br>2011 Galer\u00eda Mainel, Burgos.<br><a rel=\"noreferrer noopener\" href=\"https:\/\/www.javiermuroescultura.com\/index.php\/2022\/02\/22\/centro-de-arte-contemporaneo-de-huarte\/\" target=\"_blank\">2010 Exposici\u00f3n \u201cNos mudamos\u201d. Centro de Arte Contempor\u00e1neo de Huarte, Navarra.<\/a><br>2009 Exposici\u00f3n Programa \u201cCultur\u201d, Palacio de Olite, Gobierno de Navarra.<br><a href=\"https:\/\/www.javiermuroescultura.com\/index.php\/2022\/02\/22\/museo-arte-moderno-de-tarragona\/\" target=\"_blank\" rel=\"noreferrer noopener\">2009  Museo Arte Moderno de Tarragona.<\/a><br>2007 Galer\u00eda Tribeca, Madrid.<br><a href=\"https:\/\/www.javiermuroescultura.com\/index.php\/2022\/02\/22\/galeria-mikel-armendia\/\" target=\"_blank\" rel=\"noreferrer noopener\">2006 Galer\u00eda Mikel Armendia, Pamplona.<\/a><\/p>\n\n\n\n<p><strong>1999 &#8211; 2005<\/strong><br>2003 Sala de Cultura Noain, Navarra.<br>2000 Museo de Navarra.<br>2000 Galer\u00eda La Nave del Arte, San Sebasti\u00e1n de los Reyes, Madrid.<br>1999 Sala de Mixtos, Ciudadela, Pamplona.<\/p>\n\n\n\n<p><strong>1990 &#8211; 1998<\/strong><br>1997 Galer\u00eda Pintzel, Pamplona.<br>1996 Galer\u00eda Seiquer, Madrid.<br>1996 Galer\u00eda La cava, Pamplona.<br>1995 Museo Gustavo de Maeztu, Estella, Navarra.<br>1995 Horno de la Ciudadela, Pamplona.<br>1993 Sala de Cultura, Cizur Mayor, Navarra.<br>1992 Sala de Cultura, Peralta, Navarra.<br>1992  Sala de Cultura Caja de Ahorros de Navarra, Pamplona.<br>1990 Sala de Armas, Ciudadela, Ayuntamiento de Pamplona.<\/p>\n","protected":false},"excerpt":{"rendered":"<p>2022-2023 Sala Capilla Museo de Navarra. &#8220;Los d\u00edas&#8221;. (18 mayo &#8211; 13 marzo) 2022-2023 Sala de Armas de Ciudadela. Colectiva &#8220;Despu\u00e9s de los Encuentros&#8221;. (30 septiembre &#8211; 8 enero) 2016 &#8211; 2022 2021 Galer\u00eda Luis Burgos, Madrid.2020 \u201cA veces\u201d, Galer\u00eda Altxerri, San Sebasti\u00e1n.2019 Galer\u00eda Talka. Vitoria-Gazteiz.2018 Galer\u00eda Vetusart, San Sebasti\u00e1n.2018 \u201c50 Miradas\u201d Basque Culinary Center, &hellip; <\/p>\n<p class=\"link-more\"><a href=\"https:\/\/www.javiermuroescultura.com\/index.php\/portfolio-grid\/\" class=\"more-link\">Continuar leyendo<span class=\"screen-reader-text\"> &#8220;EXPOSICIONES&#8221;<\/span><\/a><\/p>\n","protected":false},"author":1,"featured_media":0,"parent":0,"menu_order":0,"comment_status":"closed","ping_status":"closed","template":"","meta":{"_uag_custom_page_level_css":"","footnotes":""},"class_list":["post-122","page","type-page","status-publish","hentry"],"featured_image_src":null,"uagb_featured_image_src":{"full":false,"thumbnail":false,"medium":false,"medium_large":false,"large":false,"1536x1536":false,"2048x2048":false,"twentyseventeen-featured-image":false,"twentyseventeen-thumbnail-avatar":false},"uagb_author_info":{"display_name":"beatriz","author_link":"https:\/\/www.javiermuroescultura.com\/index.php\/author\/beatriz\/"},"uagb_comment_info":0,"uagb_excerpt":"2022-2023 Sala Capilla Museo de Navarra. &#8220;Los d\u00edas&#8221;. (18 mayo &#8211; 13 marzo) 2022-2023 Sala de Armas de Ciudadela. Colectiva &#8220;Despu\u00e9s de los Encuentros&#8221;. (30 septiembre &#8211; 8 enero) 2016 &#8211; 2022 2021 Galer\u00eda Luis Burgos, Madrid.2020 \u201cA veces\u201d, Galer\u00eda Altxerri, San Sebasti\u00e1n.2019 Galer\u00eda Talka. Vitoria-Gazteiz.2018 Galer\u00eda Vetusart, San Sebasti\u00e1n.2018 \u201c50 Miradas\u201d Basque Culinary Center,&hellip;","_links":{"self":[{"href":"https:\/\/www.javiermuroescultura.com\/index.php\/wp-json\/wp\/v2\/pages\/122","targetHints":{"allow":["GET"]}}],"collection":[{"href":"https:\/\/www.javiermuroescultura.com\/index.php\/wp-json\/wp\/v2\/pages"}],"about":[{"href":"https:\/\/www.javiermuroescultura.com\/index.php\/wp-json\/wp\/v2\/types\/page"}],"author":[{"embeddable":true,"href":"https:\/\/www.javiermuroescultura.com\/index.php\/wp-json\/wp\/v2\/users\/1"}],"replies":[{"embeddable":true,"href":"https:\/\/www.javiermuroescultura.com\/index.php\/wp-json\/wp\/v2\/comments?post=122"}],"version-history":[{"count":10,"href":"https:\/\/www.javiermuroescultura.com\/index.php\/wp-json\/wp\/v2\/pages\/122\/revisions"}],"predecessor-version":[{"id":1486,"href":"https:\/\/www.javiermuroescultura.com\/index.php\/wp-json\/wp\/v2\/pages\/122\/revisions\/1486"}],"wp:attachment":[{"href":"https:\/\/www.javiermuroescultura.com\/index.php\/wp-json\/wp\/v2\/media?parent=122"}],"curies":[{"name":"wp","href":"https:\/\/api.w.org\/{rel}","templated":true}]}}